 182?
26
What is the remainder when 241934 is divided by 80154?
1472
What is the remainder when 597989 is divided by 99636?
173
What is the remainder when 29676124 is divided by 1247?
18
What is the remainder when 201439 is divided by 15494?
17
What is the remainder when 4816986 is divided by 33685?
31
Calculate the remainder when 112601 is divided by 56207.
187
Calculate the remainder when 1049019 is divided by 11402.
35
What is the remainder when 397318871 is divided by 33?
26
What is the remainder when 7519309 is divided by 92830?
79
Calculate the remainder when 30735104 is divided by 5573.
9
Calculate the remainder when 14310072 is divided by 83.
42
What is the remainder when 29078600 is divided by 392954?
4
Calculate the remainder when 20980631 is divided by 118.
113
Calculate the remainder when 83436171 is divided by 16.
11
What is the remainder when 63390 is divided by 1323?
1209
What is the remainder when 46679546 is divided by 2941?
2935
Calculate the remainder when 2946235 is divided by 54.
49
Calculate the remainder when 81367 is divided by 2688.
727
What is the remainder when 214533149 is divided by 11?
6
What is the remainder when 143147 is divided by 257?
255
What is the remainder when 166573 is divided by 3399?
22
Calculate the remainder when 7385633 is divided by 923195.
73
Calculate the remainder when 2392358 is divided by 140712.
254
Calculate the remainder when 22372710 is divided by 4474533.
45
What is the remainder when 6409624 is divided by 3204781?
62
What is the remainder when 1246291 is divided by 3561?
3502
Calculate the remainder when 1937721 is divided by 4981.
112
What is the remainder when 31210 is divided by 1176?
634
What is the remainder when 18021098 is divided by 82?
40
What is the remainder when 689200 is divided by 16806?
154
What is the remainder when 158510224 is divided by 18327?
1
What is the remainder when 1046094 is divided by 3736?
14
Calculate the remainder when 2246117 is divided by 1058.
1041
Calculate the remainder when 4003401 is divided by 379.
24
Calculate the remainder when 3580231 is divided by 28.
11
Calculate the remainder when 1222649 is divided by 45283.
8
What is the remainder when 360988926 is divided by 120329642?
0
What is the remainder when 803109 is divided by 73008?
21
Calculate the remainder when 146835 is divided by 1494.
423
Calculate the remainder when 3872746 is divided by 29.
28
Calculate the remainder when 22966344 is divided by 2694.
2688
Calculate the remainder when 592247 is divided by 528.
359
What is the remainder when 135940322 is divided by 20821?
13
What is the remainder when 292497 is divided by 17194?
199
What is the remainder when 472395 is divided by 226?
55
Calculate the remainder when 10854632 is divided by 54.
38
Calculate the remainder when 227708 is divided by 24656.
5804
What is the remainder when 258613685 is divided by 86204561?
2
What is the remainder when 181249 is divided by 2827?
321
Calculate the remainder when 164202751 is divided by 341.
339
What is the remainder when 1481270 is divided by 9?
5
Calculate the remainder when 928264 is divided by 180.
4
Calculate the remainder when 475418038 is divided by 2477.
2474
Calculate the remainder when 129440 is divided by 2021.
96
Calculate the remainder when 97655 is divided by 95551.
2104
What is the remainder when 1650477 is divided by 148?
129
What is the remainder when 2209957 is divided by 736594?
175
What is the remainder when 895096 is divided by 59672?
16
What is the remainder when 95970 is divided by 200?
170
Calculate the remainder when 1216119 is divided by 319.
91
What is the remainder when 4197134 is divided by 2098560?
14
What is the remainder when 172612 is divided by 2576?
20
What is the remainder when 138699996 is divided by 80?
76
Calculate the remainder when 178570 is divided by 44627.
62
Calculate the remainder when 359018 is divided by 358978.
40
What is the remainder when 351507924 is divided by 1761?
1758
What is the remainder when 493533 is divided by 59?
57
Calculate the remainder when 96821 is divided by 2558.
2175
What is the remainder when 28239190 is divided by 83?
17
What is the remainder when 65770 is divided by 60966?
4804
What is the remainder when 13570626 is divided by 6785302?
22
Calculate the remainder when 576218487 is divided by 430.
427
Calculate the remainder when 79990 is divided by 125.
115
What is the remainder when 210467 is divided by 198?
191
Calculate the remainder when 8000941 is divided by 6673.
14
Calculate the remainder when 308110 is divided by 153838.
434
Calculate the remainder when 454337 is divided by 225.
62
Calculate the remainder when 113859765 is divided by 37953253.
6
Calculate the remainder when 29814 is divided by 4258.
8
Calculate the remainder when 5813668 is divided by 25058.
212
What is the remainder when 126635 is divided by 9644?
1263
Calculate the remainder when 14717538 is divided by 24.
18
Calculate the remainder when 43847 is divided by 2522.
973
What is the remainder when 9108 is divided by 1733?
443
Calculate the remainder when 174078 is divided by 10237.
49
What is the remainder when 47658 is divided by 4749?
168
Calculate the remainder when 100154875 is divided by 7728.
7723
Calculate the remainder when 288401 is divided by 35908.
1137
Calculate the remainder when 2754707 is divided by 98367.
431
What is the remainder when 45256964 is divided by 159?
158
Calculate the remainder when 43205399 is divided by 15.
14
Calculate the remainder when 9631537 is divided by 135.
97
What is the remainder when 854910 is divided by 170976?
30
Calculate the remainder when 222113994 is divided by 85.
69
Calculate the remainder when 268043521 is divided by 100.
21
Calculate the remainder when 204452 is divided by 4891.
3921
What is the remainder when 3389403 is divided by 226?
81
What is the remainder when 6870917 is divided by 6190?
17
What is the remainder when 5718271 is divided by 444?
439
What is the remainder when 4998082 is divided by 4998082?
0
What is the remainder when 614158 is divided by 5249?
25
Calculate the remainder when 226671 is divided by 3.
0
Calculate the remainder when 401331 is divided by 14829.
948
What is the remainder when 853380 is divided by 1971?
1908
Calculate the remainder when 279167 is divided by 34893.
23
Calculate the remainder when 1047815 is divided by 955.
180
What is the remainder when 141474 is divided by 592?
578
What is the remainder when 277082 is divided by 19769?
316
What is the remainder when 15423 is divided by 4953?
564
What is the remainder when 89393 is divided by 1700?
993
Calculate the remainder when 367930 is divided by 457.
45
What is the remainder when 1880391021 is divided by 48?
45
Calculate the remainder when 468125 is divided by 735.
665
What is the remainder when 177126 is divided by 4320?
6
Calculate the remainder when 56179 is divided by 28071.
37
What is the remainder when 4131370 is divided by 1110?
1060
Calculate the remainder when 21559 is divided by 21256.
303
Calculate the remainder when 456241676 is divided by 89.
86
What is the remainder when 6494381 is divided by 12734?
41
What is the remainder when 151450 is divided by 6851?
728
Calculate the remainder when 1567176 is divided by 7516.
3848
What is the remainder when 63392530 is divided by 2004?
2002
Calculate the remainder when 12423163 is divided by 2484629.
18
Calculate the remainder when 19220946 is divided by 5.
1
What is the remainder when 217584 is divided by 19?
15
Calculate the remainder when 38342428 is divided by 40.
28
Calculate the remainder when 248237 is divided by 82663.
248
Calculate the remainder when 124716 is divided by 41473.
297
What is the remainder when 52033975 is divided by 19?
5
Calculate the remainder when 40951742 is divided by 95.
92
Calculate the remainder when 37055160 is divided by 119.
107
What is the remainder when 9914598 is divided by 834?
6
What is the remainder when 892107 is divided by 446049?
9
Calculate the remainder when 1536099 is divided by 929.
462
Calculate the remainder when 5455224 is divided by 451.
379
Calculate the remainder when 259419 is divided by 27432.
12531
Calculate the remainder when 42298254 is divided by 704970.
54
What is the remainder when 1352261 is divided b